40985301905 prime?
False
Is 184173317171 prime?
True
Is 19014660041 composite?
True
Is 36102581633 prime?
False
Is 789841831 composite?
True
Is 12786127 composite?
True
Is 399919957 a composite number?
False
Is 1516655159 composite?
False
Is 8526793631 prime?
True
Is 202515377 prime?
True
Is 53546320511 prime?
True
Is 21299306713 prime?
True
Is 3246961 prime?
False
Is 69667603 a prime number?
True
Is 1555844779 composite?
True
Is 96700772159 prime?
True
Is 1675964519 composite?
False
Is 480855887 a composite number?
False
Is 2676786269 prime?
False
Is 3191369041 prime?
False
Is 362186502209 composite?
True
Is 187032553 composite?
True
Is 1190590355 prime?
False
Is 821126759 a composite number?
False
Is 5923804327 a composite number?
True
Is 74676271 a prime number?
True
Is 195988531 a prime number?
False
Is 27188714263 prime?
False
Is 9967241819 a prime number?
False
Is 268495691 prime?
False
Is 186712283 prime?
True
Is 305847857171 a prime number?
True
Is 1600615391 a composite number?
False
Is 575540143 a prime number?
False
Is 6324605069 composite?
True
Is 104083963 a composite number?
False
Is 2117047091 composite?
False
Is 4215803869 prime?
True
Is 1344166517 composite?
False
Is 1218454222 a prime number?
False
Is 2518325731 prime?
True
Is 7555375951 prime?
False
Is 20680532351 prime?
False
Is 23850727501 composite?
True
Is 1009212739 composite?
True
Is 3461634119 a composite number?
False
Is 7597773377 prime?
False
Is 22386707531 composite?
False
Is 10173850307 a composite number?
True
Is 228508993 a prime number?
False
Is 9803053639 prime?
False
Is 469441603 a prime number?
False
Is 62598706777 a composite number?
False
Is 3612332579 prime?
True
Is 4037835539 a composite number?
False
Is 688818311 composite?
False
Is 2862141423 a composite number?
True
Is 27869086093 a prime number?
True
Is 9609200327 composite?
True
Is 1716007801 prime?
False
Is 2090592587 a prime number?
True
Is 5094016078 prime?
False
Is 7955810971 a prime number?
False
Is 4941546641 a composite number?
False
Is 474001081 composite?
True
Is 5114742797 prime?
False
Is 2662156903 composite?
True
Is 15390020543 a prime number?
True
Is 15334818769 a prime number?
True
Is 911795881 a composite number?
True
Is 186394841 a prime number?
True
Is 3699306451 prime?
True
Is 1678804321 a prime number?
True
Is 2408179997 a composite number?
True
Is 105296870797 prime?
True
Is 42971555059 composite?
False
Is 73517934967 composite?
True
Is 28877984647 a prime number?
False
Is 28930791521 a composite number?
False
Is 23291901937 prime?
True
Is 1119981745 composite?
True
Is 6976331447 a composite number?
True
Is 3458452993 a prime number?
False
Is 9833933479 composite?
False
Is 3057724889 prime?
False
Is 137170349 a prime number?
True
Is 50798425169 prime?
False
Is 28481228353 a prime number?
True
Is 3868644077 a composite number?
True
Is 247365983 a prime number?
False
Is 379037317 prime?
True
Is 115711543 a prime number?
False
Is 13975372319 prime?
False
Is 57648469097 prime?
True
Is 795137081 a composite number?
True
Is 3919984399 composite?
True
Is 32996341141 a composite number?
True
Is 5129983582 prime?
False
Is 9556176197 composite?
False
Is 20622997333 composite?
True
Is 123080075731 a composite number?
False
Is 73311242647 a composite number?
True
Is 2336298467 prime?
False
Is 3120805691 a prime number?
True
Is 8511626891 composite?
True
Is 754815563 prime?
True
Is 3746068327 a prime number?
False
Is 2077290134 composite?
True
Is 5899888517 a prime number?
True
Is 947964767 prime?
True
Is 227872831 composite?
False
Is 51145379 composite?
False
Is 139045287977 composite?
False
Is 27549366967 prime?
False
Is 11834748413 a prime number?
True
Is 7413826039 composite?
True
Is 402032503 a prime number?
True
Is 52316010221 prime?
True
Is 2989808121 prime?
False
Is 54186413707 prime?
True
Is 9712891585 a prime number?
False
Is 1049154157 prime?
True
Is 241560581 a composite number?
False
Is 1244531213 a prime number?
False
Is 17084563007 composite?
False
Is 2892506741 a composite number?
True
Is 1474336319 composite?
False
Is 21826727229 composite?
True
Is 426579884351 composite?
True
Is 482224109 a composite number?
False
Is 4567527947 prime?
True
Is 41112982127 a composite number?
True
Is 75998895281 prime?
True
Is 6627694303 composite?
True
Is 31521928993 prime?
False
Is 747349817 a prime number?
True
Is 14196453673 prime?
False
Is 29514274897 a prime number?
True
Is 47181151937 a prime number?
False
Is 77430019 a prime number?
False
Is 1211111563 prime?
True
Is 4066548613 composite?
True
Is 12758554189 a prime number?
False
Is 34101401 a composite number?
True
Is 6051963323 a prime number?
False
Is 1448682601 composite?
False
Is 2290201178 prime?
False
Is 251684359909 composite?
False
Is 31617403 a prime number?
True
Is 1414580989 composite?
True
Is 20655567139 prime?
True
Is 4069467127 a composite number?
True
Is 98120901149 a composite number?
True
Is 66189524619 prime?
False
Is 1134355681 composite?
False
Is 5141781511 a composite number?
True
Is 21947876323 composite?
True
Is 12730735247 composite?
False
Is 235128493 a composite number?
True
Is 6242923217 prime?
False
Is 535459543 a prime number?
False
Is 34390653421 a composite number?
True
Is 70168575173 a composite number?
True
Is 299258551 composite?
False
Is 65536843979 a prime number?
True
Is 95597965231 prime?
True
Is 1416209497 a composite number?
True
Is 13314798547 a composite number?
True
Is 2259096149 composite?
False
Is 35481349049 a composite number?
False
Is 7661051207 a composite number?
True
Is 286696598 composite?
True
Is 26457020431 a prime number?
True
Is 1313030179 a prime number?
True
Is 939662507 prime?
False
Is 4348291397 prime?
True
Is 20649273493 a prime number?
False
Is 160511452319 a prime number?
True
Is 44525773037 composite?
False
Is 516583391 prime?
True
Is 5778010867 prime?
True
Is 857075609 prime?
False
Is 538869943 prime?
True
Is 13453374497 composite?
False
Is 1245306019 composite?
True
Is 1712182133 a prime number?
True
Is 25369540585 composite?
True
Is 59403753301 composite?
False
Is 4085609239 a prime number?
True
Is 9507166453 a prime number?
False
Is 1462573667 a composite number?
True
Is 7084971629 a composite number?
True
Is 2780028623 a prime number?
False
Is 272533549 a prime number?
False
Is 2095119139 a prime number?
False
Is 85986619 prime?
False
Is 5570597 composite?
False
Is 17588242679 composite?
True
Is 589699301 prime?
True
Is 5724905779 composite?
True
Is 3185412817 prime?
True
Is 126404555203 prime?
False
Is 10335365099 composite?
False
Is 147420551 prime?
True
Is 31069267481 prime?
False
Is 18222296441 prime?
False
Is 19166302121 composite?
True
Is 966279773 a composite number?
False
Is 326327149 composite?
True
Is 4195867549 a composite number?
False
Is 89948080813 a prime number?
False
Is 11434634317 a prime number?
False
Is 259086830313 prime?
False
Is 27742081 prime?
True
Is 2244348637 composite?
True
Is 6547184233 a prime number?
True
Is 845539049 prime?
True
Is 126505383877 a composite number?
True
Is 3186557006 prime?
False
Is 281136511 prime?
False
Is 6832042829 a composite number?
True
Is 9139985527 a prime number?
True
Is 32345270887 a composite number?
True
Is 8263088189 a composite number?
True
Is 15711027901 prime?
False
Is 47660576849 a composite number?
False
Is 723889849 a composite number?
False
Is 26122855631 composite?
False
Is 4403576549 a prime number?
True
Is 76866351407 prime?
True
Is 9225995641 composite?
False
Is 55765289353 composite?
False
Is 11183423509 prime?
False
Is 25983108121 a composite number?
True
Is 40016386909 a composite number?
False
Is 61383153677 composite?
False
Is 3059767889 prime?
True
Is 746677343 a prime number?
False
Is 642218453 composite?
False
Is 48934983389 a composite number?
False
Is 46379597279 a composite number?
False
Is 1257464851 prime?
True
Is 654989367 prime?
False
Is 323308804553 prime?
False
Is 25343360195 prime?
False
Is 28953557671 prime?
False
Is 8410863493 composite?
True
Is 1343053351 a composite number?
True
Is 8764233373 a composite number?
True
Is 8264367533 composite?
False
Is 9789475457 prime?
False
Is 159338939 a composite number?
False
Is 565066767 a prime number?
False
Is 390293551 a prime 